 - -7?
-9
In base 4, what is 1 + 1231013?
1231020
In base 9, what is 1 - -46?
47
In base 10, what is 94 - -80?
174
In base 2, what is 110 + 111000?
111110
In base 9, what is 4 - -315?
320
In base 6, what is 100 - -211?
311
In base 14, what is -2c + 168?
13a
In base 14, what is -8 + 4c4?
4ba
In base 11, what is 175 - -1?
176
In base 9, what is 138 + -16?
122
In base 10, what is -97 - 1?
-98
In base 16, what is -d2 - -2?
-d0
In base 9, what is 1223 - -4?
1227
In base 2, what is 100 + -10110101?
-10110001
In base 6, what is -15 - -1003?
544
In base 6, what is 221 + 12?
233
In base 9, what is 636 - 1?
635
In base 11, what is 4155 + 0?
4155
In base 6, what is 2 + 1050?
1052
In base 2, what is -1110001000110 - -1?
-1110001000101
In base 13, what is 567 - -4?
56b
In base 6, what is -1 + -114?
-115
In base 8, what is -6 - 2330?
-2336
In base 10, what is -5 - 424?
-429
In base 9, what is 816 + 10?
826
In base 7, what is -3 - -33?
30
In base 5, what is 333133 + -2?
333131
In base 5, what is -2 + -13032?
-13034
In base 16, what is 5 + 128?
12d
In base 4, what is -23223 - -3?
-23220
In base 8, what is -5 - 31?
-36
In base 13, what is -6 - -34?
2b
In base 2, what is -1 + -10010100?
-10010101
In base 11, what is -55 + -58?
-102
In base 12, what is -4 + 86?
82
In base 9, what is 363 - -11?
374
In base 6, what is 0 + 502?
502
In base 2, what is 0 - -11100001?
11100001
In base 13, what is 36 - 0?
36
In base 15, what is d91 - 2?
d8e
In base 7, what is -31 + -140?
-201
In base 16, what is -118 + 4?
-114
In base 2, what is 11 + -1010000?
-1001101
In base 14, what is -43 + 1?
-42
In base 15, what is -1b - 3?
-1e
In base 8, what is -13 - -1213?
1200
In base 16, what is -2 + 884?
882
In base 3, what is -101 - -120?
12
In base 16, what is -10 - 1?
-11
In base 10, what is 146 + 7?
153
In base 11, what is 13 - -13?
26
In base 15, what is 10 + -430?
-420
In base 3, what is -12 - -12010?
11221
In base 12, what is 1 - 592?
-591
In base 14, what is -4a2 - -9?
-497
In base 12, what is 29 - -201?
22a
In base 4, what is 2 + 2010?
2012
In base 13, what is -824 - -4?
-820
In base 7, what is 4 + 121?
125
In base 14, what is -b + 7?
-4
In base 7, what is -6 + -21?
-30
In base 12, what is -9 + 1?
-8
In base 7, what is 5 + 456?
464
In base 10, what is -3 - -257?
254
In base 4, what is 333 + 11?
1010
In base 16, what is b7 + -27?
90
In base 7, what is -1 + 21?
20
In base 14, what is -112 - -2?
-110
In base 11, what is 3 - a?
-7
In base 10, what is 4 + -583?
-579
In base 4, what is -2201 - 1132?
-3333
In base 9, what is 1 + -2348?
-2347
In base 4, what is -3 - -1002213?
1002210
In base 15, what is 4 + -76?
-72
In base 13, what is 35 + -5a?
-25
In base 14, what is 4 + -18?
-14
In base 10, what is 664 - 4?
660
In base 10, what is 3 - 75?
-72
In base 5, what is 12 - -443?
1010
In base 16, what is -4a + -6?
-50
In base 9, what is -2 + 83?
81
In base 16, what is -19b - -3?
-198
In base 3, what is 12 - 222?
-210
In base 12, what is -4 + 23b?
237
In base 4, what is 11002 - 10?
10332
In base 16, what is 115 + -6?
10f
In base 14, what is 32 - 22?
10
In base 9, what is 1 + 545?
546
In base 6, what is -3002 - 3?
-3005
In base 14, what is 218 - 5?
213
In base 2, what is 111000101010 - -101?
111000101111
In base 9, what is 8226 - 5?
8221
In base 11, what is -16 - 185?
-1a0
In base 2, what is -110 + 100000?
11010
In base 5, what is -103 - 104?
-212
In base 12, what is -12 - 40?
-52
In base 6, what is -41 - 23?
-104
In base 6, what is -4 - -241?
233
In base 14, what is 5d + -1?
5c
In base 4, what is -121 - -2323?
2202
In base 16, what is -3 + -3d?
-40
In base 14, what is 37 + -13?
24
In base 13, what is -1 + 18?
17
In base 3, what is 1012211 - 102?
1012102
In base 15, what is -4 - 4d3?
-4d7
In base 6, what is 40502 + -1?
40501
In base 6, what is -11034 - -4?
-11030
In base 7, what is 4 - -42?
46
In base 3, what is -11 - 202101?
-202112
In base 5, what is -14 + -1034?
-1103
In base 16, what is -86 - 2?
-88
In base 3, what is 1101 + -1?
1100
In base 10, what is -4 + -5081?
-5085
In base 10, what is 18 + 197?
215
In base 7, what is -4041 - 1?
-4042
In base 2, what is 1010011001100000 + -101?
1010011001011011
In base 9, what is 45 + -70?
-24
In base 6, what is 5 + 10531?
10540
In base 9, what is 668 + -3?
665
In base 4, what is -1000 + 22?
-312
In base 10, what is 1 - 47?
-46
In base 13, what is 9 - -aa3?
aac
In base 12, what is 59 + -7?
52
In base 15, what is -8 - -4?
-4
In base 2, what is 1010111 + 1?
1011000
In base 11, what is -1 + 57?
56
In base 16, what is -5c - -1?
-5b
In base 15, what is 6 - 152?
-14b
In base 7, what is 4 - -2551?
2555
In base 3, what is -11202 - 11201?
-100110
In base 13, what is -3 + -49?
-4c
In base 12, what is 66 - 4?
62
In base 2, what is 110110 - 10111001?
-10000011
In base 14, what is d3d + -3?
d3a
In base 4, what is 21 + -1?
20
In base 5, what is 2 - -10300?
10302
In base 4, what is 1132 + 12?
1210
In base 2, what is -110111 - -100?
-110011
In base 15, what is 4 + 5c6?
5ca
In base 4, what is -12 - 211?
-223
In base 3, what is -20201 - 1?
-20202
In base 16, what is -6a - -3d?
-2d
In base 16, what is 5 + -e?
-9
In base 9, what is 2 + -27?
-25
In base 12, what is 6 - -42?
48
In base 7, what is -3 + 13611?
13605
In base 2, what is -101011 - -101?
-100110
In base 4, what is -13113 - -3?
-13110
In base 11, what is 4 + -7?
-3
In base 2, what is 1000111000 - -10?
1000111010
In base 4, what is 10 + 1131331?
1132001
In base 13, what is 2b - 281?
-253
In base 13, what is 113 - -5?
118
In base 5, what is -4 + 211?
202
In base 2, what is 1000100 - 1100?
111000
In base 8, what is 153 - -16?
171
In base 3, what is -1 + 12211020?
12211012
In base 5, what is 4 - 4214?
-4210
In base 10, what is 15 + 21?
36
In base 7, what is 0 + -30?
-30
In base 13, what is 4 + 2c5?
2c9
In base 7, what is 13 + 165?
211
In base 10, what is -393 + -5?
-398
In base 9, what is -72 - 0?
-72
In base 13, what is -4 + 28b?
287
In base 14, what is 0 - -164?
164
In base 14, what is -1 + -5a3?
-5a4
In base 16, what is 2 + -34?
-32
In base 2, what is -101110001 + 11?
-101101110
In base 16, what is 226 + -16?
210
In base 14, what is -b - -11d?
112
In base 14, what is 13 + -2?
11
In base 3, what is 120220 + -21?
120122
In base 4, what is 2131 + 11?
2202
In base 6, what is -3 - 14?
-21
In base 7, what is 6 - -352?
361
In base 3, what is -11 - 102021?
-102102
In base 6, what is -5 - 210?
-215
In base 6, what is -3 + -112?
-115
In base 10, what is -3 + 55?
52
In base 15, what is -bb9c - -3?
-bb99
In base 4, what is 10210 + 3?
10213
In base 16, what is -30b5 + 5?
-30b0
In base 16, what is -a + -12?
-1c
In base 6, what is 1 - -34415?
34420
In base 7, what is 36151 - 5?
36143
In base 13, what is -1 - -22c?
22b
In base 11, what is -7 - -469?
462
In base 4, what is 211 + -13?
132
In base 7, what is 5421 - -6?
5430
In base 14, what is -6 + -b8d?
-b95
In base 6, what is -1 - 414?
-415
In base 5, what is -324 - -440?
111
In base 8, what is 115 - 12?
103
In base 10, what is 321 - 0?
321
In base 9, what is -3 - 54?
-57
In base 3, what is -1110222 + 10?
-1110212
In base 5, what is -1210 + -2?
-1212
In base 5, what is 340 + -10?
330
In base 11, what is -4 + 351?
348
In base 11, what is -7 - 5?
-11
In base 15, what is -b + 64?
58
In base 10, what is -10 + -15?
-25
In base 3, what is 10 - -110222?
111002
In base 10, what is 485 - 11?
474
In base 14, what is -5 - -17?
12
In base 6, what is -121 - -14?
-103
In base 10, what is 18 - 206?
-188
In base 6, what is -4225 + 23?
-4202
In base 16, what is 4 - -14a?
14e
In base 8, what is -22 + 4?
-16
In base 9, what is -1 - 3856?
-3857
In base 11, what is 3 + 7?
a
In base 13, what is -122 + 1a?
-105
In base 16, what is -2 + 3f1?
3ef
In base 13, what is -24a5 + 2?
-24a3
In base 13, what is -274 - -1?
-273
In base 7, what is -1410 + 11?
-1366
In base 9, what is -21 + 6?
-14
In base 2, what is -11111100 + -101?
-100000001
In base 4, what is -1 + 302?
301
In base 8, what is 2 + -57?
-55
In base 6, what is -31323 - -2?
-31321
In base 3, what is 1 + 212001?
212002
In base 11, what is -35 + -2?
-37
In base 7, what is 35 - 310?
-242
In base 3, what is 11111 + 1?
11112
In base 15, what is -34 - -38?
4
In base 11, what is 4 + -65?
-61
In base 9, what is -4 - -3?
-1
In base 12, what is -4 - -a4?
a0
I